what is -3 - 45?
-51
In base 8, what is -3 + 14213?
14210
In base 2, what is 1000 + -100011001?
-100010001
In base 15, what is -92 - 18?
-aa
In base 5, what is -4 - 14?
-23
In base 3, what is -21221 - -10?
-21211
In base 13, what is 405 - -6?
40b
In base 4, what is 3 + 120?
123
In base 4, what is 2 + 2321?
2323
In base 16, what is 45 - 1?
44
In base 10, what is 556 - 3?
553
In base 15, what is 85 - 3?
82
In base 7, what is -2 - -2244?
2242
In base 6, what is 1 + 201?
202
In base 6, what is -323 + 0?
-323
In base 12, what is 0 - 1b6?
-1b6
In base 2, what is 0 - -11100?
11100
In base 5, what is 3 + 332?
340
In base 16, what is -150 + -2?
-152
In base 12, what is -47 + -34?
-7b
In base 13, what is -353 - -3?
-350
In base 14, what is 3291 + 5?
3296
In base 13, what is 24 + 2?
26
In base 9, what is 2 - 402?
-400
In base 6, what is 131 + -5?
122
In base 3, what is -2200111 + -2?
-2200120
In base 12, what is 4 - -271?
275
In base 3, what is 0 + -120001?
-120001
In base 6, what is -4 - 52?
-100
In base 3, what is -1211112 - 12?
-1211201
In base 5, what is -14013 - 4?
-14022
In base 3, what is 200001 + 11?
200012
In base 4, what is -11003 + -1?
-11010
In base 8, what is 5 - -64?
71
In base 16, what is 1 - -b7?
b8
In base 13, what is c + 18?
27
In base 3, what is 122 + 1000111?
1001010
In base 10, what is -3 + -538?
-541
In base 4, what is -1 - 231302?
-231303
In base 10, what is -22 + 228?
206
In base 5, what is 2 + 42?
44
In base 11, what is 14 + -5?
a
In base 14, what is 5 + -136b?
-1366
In base 14, what is 32 + -4?
2c
In base 5, what is 122 - -102?
224
In base 3, what is -222 + 0?
-222
In base 7, what is 12 - -11?
23
In base 2, what is -10000011 + -11?
-10000110
In base 8, what is 3 + 2556?
2561
In base 13, what is -b2 - -2?
-b0
In base 16, what is a4 - -1b?
bf
In base 14, what is -5 - ad?
-b4
In base 11, what is -11 + 125?
114
In base 7, what is -3 - 30?
-33
In base 16, what is 15 - -d?
22
In base 8, what is -13 + 3?
-10
In base 7, what is 5 - 13320?
-13312
In base 4, what is 332 + -10?
322
In base 3, what is -10 + 102121?
102111
In base 4, what is 10000331 + -10?
10000321
In base 10, what is 1403 + -2?
1401
In base 8, what is -2 - 350?
-352
In base 12, what is 369b - -4?
36a3
In base 8, what is -5 - -142?
135
In base 5, what is -3211 - -4?
-3202
In base 3, what is -11121 - -1110?
-10011
In base 11, what is 15 + 4?
19
In base 4, what is -2321 - -10?
-2311
In base 10, what is -2690 - -1?
-2689
In base 9, what is -1 + -43?
-44
In base 11, what is 272 + 3?
275
In base 7, what is -21123 + 4?
-21116
In base 10, what is -500 + -31?
-531
In base 3, what is 10 - 10?
0
In base 12, what is 14 + 7?
1b
In base 16, what is -dd - 0?
-dd
In base 10, what is 7 + -41?
-34
In base 3, what is 10 - -20020?
20100
In base 10, what is 185 - 5?
180
In base 15, what is -5 - 13?
-18
In base 8, what is 333 + 2?
335
In base 14, what is -3 + 1410?
140b
In base 3, what is 2 - -122?
201
In base 14, what is 5 + 535?
53a
In base 14, what is 4 - -762?
766
In base 6, what is 0 + -13?
-13
In base 14, what is 4 - 1067?
-1063
In base 10, what is 8 - -540?
548
In base 6, what is 11255 - 2?
11253
In base 15, what is -1 + c69?
c68
In base 9, what is 4 + -27?
-23
In base 8, what is -347 - -1?
-346
In base 16, what is 1 - 12d?
-12c
In base 11, what is 142 + 2?
144
In base 13, what is 4 + 73?
77
In base 2, what is 101 - 11010?
-10101
In base 9, what is 41 - 12?
28
In base 7, what is 23 + -5?
15
In base 5, what is -133 + 24?
-104
In base 16, what is -3 - 1d?
-20
In base 9, what is 1 + -382?
-381
In base 7, what is -5 - -266?
261
In base 8, what is 567 - -3?
572
In base 6, what is 3 + 113?
120
In base 11, what is 14 - 0?
14
In base 8, what is 3 - 55?
-52
In base 9, what is -46 + 172?
125
In base 6, what is 2 + -15?
-13
In base 3, what is -1111 - 1020?
-2201
In base 9, what is -5301 - 7?
-5308
In base 8, what is 1510 - 14?
1474
In base 7, what is -134360 - -5?
-134352
In base 7, what is 0 + 1336?
1336
In base 3, what is 112220 + -2?
112211
In base 11, what is 1 - a8?
-a7
In base 11, what is -69 - 1?
-6a
In base 5, what is 4 - -1214?
1223
In base 16, what is 6 - -39?
3f
In base 16, what is b1 - 1?
b0
In base 15, what is 4 - -65?
69
In base 15, what is 91a + -3?
917
In base 4, what is 3 + 20?
23
In base 11, what is 17 - -10?
27
In base 8, what is -2 + 220?
216
In base 15, what is -3 - 1c25?
-1c28
In base 7, what is 1632 - -12?
1644
In base 13, what is 5 + -145?
-140
In base 10, what is -924 + 14?
-910
In base 16, what is -122 - -17?
-10b
In base 13, what is 0 + -28?
-28
In base 8, what is -5 - -3563?
3556
In base 10, what is -3 + 725?
722
In base 4, what is 311322 + -3?
311313
In base 12, what is -a4 + 27?
-79
In base 16, what is -1 - 1cc?
-1cd
In base 13, what is 32 + -3?
2c
In base 10, what is 162 - -2?
164
In base 8, what is 3 - 2552?
-2547
In base 5, what is 13312 + 0?
13312
In base 4, what is 23 - -322?
1011
In base 8, what is -1460 - 5?
-1465
In base 7, what is -1 - -205?
204
In base 2, what is -101111100 - 1?
-101111101
In base 9, what is 4 - 1810?
-1805
In base 3, what is -211 + 2210?
1222
In base 6, what is 130 + 4?
134
In base 15, what is -14e3 - 3?
-14e6
In base 7, what is 114 + 15?
132
In base 14, what is -51 - 0?
-51
In base 16, what is 97 + -4?
93
In base 5, what is -10 + -122444?
-123004
In base 5, what is 10 + -401?
-341
In base 7, what is -54 + -46?
-133
In base 7, what is 22 + -133?
-111
In base 4, what is -313 + 12?
-301
In base 7, what is -5 + -62?
-100
In base 15, what is 276 - -7?
27d
In base 16, what is 10 + 12c?
13c
In base 9, what is -32 - 148?
-181
In base 15, what is -10 + -1?
-11
In base 3, what is -202 + -1200?
-2102
In base 2, what is 10011000 - -11?
10011011
In base 7, what is 130 - -42?
202
In base 4, what is 320101 + 11?
320112
In base 7, what is 63 + -2?
61
In base 4, what is -203 + -13?
-222
In base 2, what is 101100000001 + 1010?
101100001011
In base 9, what is 5 + 562?
567
In base 9, what is 6 - -340?
346
In base 4, what is -10332 + -13?
-11011
In base 16, what is -c2 + -2?
-c4
In base 9, what is 0 + -221?
-221
In base 3, what is 10101 + -10?
10021
In base 8, what is 1243 + -4?
1237
In base 14, what is 2b + -3?
28
In base 10, what is 6 + 405?
411
In base 4, what is 21103 + 23?
21132
In base 2, what is -11 + -11101?
-100000
In base 3, what is 11 + -11?
0
In base 12, what is -18b + 1?
-18a
In base 2, what is -10 - 1110?
-10000
In base 11, what is 14247 + 4?
14250
In base 8, what is -5 - 273?
-300
In base 11, what is -2 + 63?
61
In base 6, what is -3 + 4402?
4355
In base 16, what is 5 + -45?
-40
In base 14, what is -4 - -2?
-2
In base 5, what is -3230 + -2?
-3232
In base 8, what is -3 + 145?
142
In base 4, what is 2112 + 121?
2233
In base 12, what is -3 - 406?
-409
In base 11, what is 43 + 14?
57
In base 14, what is 151 - 3?
14c
In base 3, what is 2220 - 2?
2211
In base 14, what is 34 - 7?
2b
In base 5, what is -31 + 0?
-31
In base 16, what is -15 - -189?
174
In base 16, what is e + -6?
8
In base 4, what is 13012 + -12?
13000
In base 10, what is -98 + 4?
-94
In base 8, what is -1471 + -5?
-1476
In base 6, what is -125 + 1?
-124
In base 16, what is -a + -e7?
-f1
In base 7, what is -3136 + -4?
-3143
In base 15, what is 1 + 2?
3
In base 6, what is -4 + -141?
-145
In base 4, what is 0 - 30000?
-30000
In base 7, what is 130 + -2?
125
In base 4, what is 13 - 200?
-121
In base 15, what is -2 + 48?
46
In base 11, what is -10 - -101?
a1
In base 10, what is -44 - -15?
-29
In base 8, what is -1001 - -1?
-1000
In base 4, what is -31 + -10301?
-10332
In base 9, what is 220 - -4?
224
In base 15, what is 5 - -3c?
42
In base 5, what is 3 + -3?
0
In base 13, what is -214 + 5?
-20c
In base 16, what is 2a8 + -5?
2a3
In base 6, what is -20 + 540?
520
In base 13, what is -2 + 38b1?
38ac
In base 10, what is 66 + 5?
71
In base 8, what is 603 + 0?
603
In base 15, what is 1 - -a4?
a5
In base 3, what is -1122 + -100122?
-102021
In base 8, what is -762 - -1?
-761
In base 3, what is -10 + 201102?
201022
In base 16, what is -ec + 3?
-e9
In base 12, what is -133 - -3?
-130
In base 6, what is -3133 + 0?
-3133
In base 15, what is -53 - 15?
-68
In base 14, what is -4 + -1d2?
-1d6
In base 7, what is 505 + -2?
503
In base 3, what is 101121 + 11?
101202
In base 7, what is -42 - -6?
-33
In base